101 - 1001?
-1110110
In base 2, what is -1001001010100001 - -101?
-1001001010011100
In base 13, what is 4 - 1b8?
-1b4
In base 4, what is -1221 - 2?
-1223
In base 10, what is 115 + 2?
117
In base 10, what is -312 + -27?
-339
In base 7, what is -25 - -6?
-16
In base 5, what is -100204 - 0?
-100204
In base 4, what is -2111 - -201?
-1310
In base 16, what is -2 + 34?
32
In base 15, what is 213 + 1?
214
In base 11, what is -9 + 332?
324
In base 5, what is 4 + -2011?
-2002
In base 15, what is -30 + -1?
-31
In base 13, what is -2 - 66?
-68
In base 13, what is -37 - 6c?
-a6
In base 7, what is -5 + 122?
114
In base 5, what is -40 - 2?
-42
In base 8, what is 0 - -1070?
1070
In base 14, what is -5 + -ba?
-c1
In base 16, what is -20 + b?
-15
In base 6, what is -3451 - -1?
-3450
In base 11, what is -64 + 18?
-47
In base 11, what is -4 + 30?
27
In base 9, what is 2 + -728?
-726
In base 16, what is -1 - -363?
362
In base 10, what is -1 - 760?
-761
In base 2, what is -1011000 + 101001?
-101111
In base 4, what is 1101 - -3?
1110
In base 9, what is -5270 + 2?
-5267
In base 5, what is -211 - -114?
-42
In base 6, what is 10115 + -5?
10110
In base 7, what is -4 - -223?
216
In base 5, what is -341 - 11?
-402
In base 3, what is 2020 + 112?
2202
In base 14, what is 3 + -8?
-5
In base 13, what is -7380 + 1?
-737c
In base 15, what is -d98 - -3?
-d95
In base 3, what is -220020 - -12?
-220001
In base 2, what is -10001110010 - 100?
-10001110110
In base 13, what is 272 - a?
265
In base 9, what is 3 + 706?
710
In base 15, what is 4 + 1e0?
1e4
In base 14, what is -4 - -2c?
28
In base 12, what is 55 + 25?
7a
In base 5, what is 313 - -2?
320
In base 11, what is 5 - -1338?
1342
In base 5, what is -111 + 2?
-104
In base 8, what is 336 + 20?
356
In base 5, what is -1341 - -13?
-1323
In base 5, what is -1 + 141?
140
In base 7, what is 503 - 4?
466
In base 14, what is 5 + -124?
-11d
In base 3, what is 12 + -1000?
-211
In base 2, what is 100 + -110011010?
-110010110
In base 14, what is 5 + c00?
c05
In base 15, what is -2 - 16?
-18
In base 15, what is -3 + -2a5?
-2a8
In base 9, what is -1 + 513?
512
In base 4, what is -3 - -320?
311
In base 5, what is 23233 + 4?
23242
In base 5, what is -123 + 1224?
1101
In base 14, what is -968 + 4?
-964
In base 6, what is 5 + 1542?
1551
In base 7, what is 1065 - 5?
1060
In base 12, what is -2 + -1999?
-199b
In base 10, what is 337 + 0?
337
In base 11, what is -3 + 78?
75
In base 6, what is -100 - -100?
0
In base 14, what is -5d6 + c?
-5c8
In base 14, what is 2 + -a22?
-a20
In base 6, what is 11043 + 0?
11043
In base 16, what is -27 - fa?
-121
In base 2, what is -101111 + -101?
-110100
In base 14, what is 537 - -9?
542
In base 2, what is 111000 - 101010?
1110
In base 13, what is 3 + -232a?
-2327
In base 4, what is 31320 + 0?
31320
In base 2, what is 1101000010 + -11?
1100111111
In base 3, what is 20112 - 10?
20102
In base 10, what is -21 + 11?
-10
In base 16, what is 1 + 316?
317
In base 9, what is 254 - 4?
250
In base 11, what is -12 - 26?
-38
In base 7, what is -10021 + -6?
-10030
In base 12, what is 16 - 21b?
-205
In base 7, what is -5112 - 0?
-5112
In base 11, what is -6720 - -1?
-671a
In base 10, what is 74 + 0?
74
In base 3, what is -22211012 - 1?
-22211020
In base 8, what is -126370 - -5?
-126363
In base 13, what is 5 + 7?
c
In base 14, what is -1 + d8?
d7
In base 3, what is -1201 - -102?
-1022
In base 11, what is 3 + 358?
360
In base 11, what is -1 + -95?
-96
In base 5, what is -23 + -132?
-210
In base 15, what is 1 - 74a?
-749
In base 10, what is -1 - 11?
-12
In base 9, what is 5 - -252?
257
In base 16, what is 2 + 1f?
21
In base 16, what is -18d + -31?
-1be
In base 10, what is -5 - 38?
-43
In base 9, what is -1 + 1288?
1287
In base 4, what is 202121 - -11?
202132
In base 8, what is 215 - 0?
215
In base 11, what is 1 + 4a4?
4a5
In base 2, what is -100101 - -101?
-100000
In base 4, what is -21 + -2?
-23
In base 4, what is -202 - -1?
-201
In base 15, what is -45de + -3?
-45e2
In base 16, what is -2 + -39?
-3b
In base 14, what is -1 + 17?
16
In base 13, what is -5 - -90?
88
In base 15, what is 2 - -4b?
4d
In base 8, what is -7 + -153?
-162
In base 10, what is 827 + 4?
831
In base 7, what is 5 + -262?
-254
In base 5, what is 2 - 40212?
-40210
In base 5, what is 1 - 1131?
-1130
In base 15, what is -5 - -745?
740
In base 14, what is 3 - -bb7?
bba
In base 11, what is -3 - -74?
71
In base 8, what is -5262 - 1?
-5263
In base 3, what is -1021 + -11200?
-12221
In base 5, what is 4 + 14?
23
In base 16, what is 0 - -36?
36
In base 7, what is 51 + -602?
-521
In base 13, what is -16b9 - -2?
-16b7
In base 5, what is 11 + 32?
43
In base 10, what is 136 - -22?
158
In base 15, what is -c4 - 4?
-c8
In base 2, what is -111 + -100?
-1011
In base 8, what is 4 + 3346?
3352
In base 4, what is -3233 - 23?
-3322
In base 14, what is -60 + -1?
-61
In base 15, what is 997 - -2?
999
In base 8, what is 1 - 4455?
-4454
In base 5, what is -2 - -4?
2
In base 3, what is 11 - -101110?
101121
In base 6, what is -150233 - 3?
-150240
In base 10, what is -1141 - 24?
-1165
In base 16, what is -148 - -6?
-142
In base 10, what is 324 - -1?
325
In base 12, what is -4 + -96?
-9a
In base 13, what is 6 - -41?
47
In base 16, what is -9 - -c?
3
In base 2, what is -10100 - -10110?
10
In base 13, what is -12 - -5?
-a
In base 8, what is 4 + 3252?
3256
In base 9, what is -76 - 2?
-78
In base 12, what is 58 + b?
67
In base 6, what is 252 + 24?
320
In base 9, what is 123 + 15?
138
In base 13, what is 2 - 64?
-62
In base 15, what is -3644 - -3?
-3641
In base 13, what is -260b - -1?
-260a
In base 7, what is 3 + 1635?
1641
In base 11, what is -24 + -70?
-94
In base 8, what is 1 + -217?
-216
In base 13, what is -3 - 18?
-1b
In base 5, what is -2321 - -130?
-2141
In base 5, what is 1023 + -301?
222
In base 16, what is 112 - 17?
fb
In base 15, what is -4 - -89a?
896
In base 13, what is -30b + 1?
-30a
In base 11, what is -a5 - 8?
-102
In base 6, what is 12 + 1012?
1024
In base 13, what is -46 + -6?
-4c
In base 2, what is 11111 + -1?
11110
In base 3, what is -1112 - -10?
-1102
In base 12, what is -8 - 14b4?
-1500
In base 15, what is -15 - -1d?
8
In base 15, what is 1 - -16a?
16b
In base 15, what is -4e - -a?
-44
In base 2, what is -1111000 + 101?
-1110011
In base 2, what is 100000011 - 100?
11111111
In base 9, what is -371 + 5?
-365
In base 8, what is 2 + 107?
111
In base 3, what is 110112 + 1?
110120
In base 12, what is -77b8 + 3?
-77b5
In base 6, what is -11011 - -4?
-11003
In base 13, what is 367b + 5?
3683
In base 9, what is 75 + 5?
81
In base 7, what is -213 + -20?
-233
In base 6, what is 40321 + -3?
40314
In base 12, what is -163 - -a9?
-76
In base 14, what is -5 + 162?
15b
In base 16, what is 34 + -20?
14
In base 9, what is -12 - -57?
45
In base 15, what is -2d1 + c?
-2c4
In base 15, what is -42 - 4?
-46
In base 3, what is 11 - 21?
-10
In base 9, what is 0 + -524?
-524
In base 3, what is 12 - -2102202?
2102221
In base 13, what is 11 - 11?
0
In base 10, what is 20 - -3?
23
In base 8, what is -13171 + 4?
-13165
In base 10, what is -51 + 4?
-47
In base 12, what is -6 + -1?
-7
In base 14, what is 5a - 7?
53
In base 9, what is -14 + -1?
-15
In base 14, what is -d346 + -4?
-d34a
In base 2, what is -100 - 1010100101?
-1010101001
In base 15, what is -1 - e1?
-e2
In base 15, what is 318 + -6?
312
In base 9, what is 5 - 207?
-202
In base 8, what is 10 - -454?
464
In base 8, what is -2 - -1317?
1315
In base 13, what is -4 - -1401?
13ca
In base 13, what is 1c1 - -3?
1c4
In base 16, what is 11 + 1?
12
In base 2, what is -1 + 1110001110?
1110001101
In base 11, what is 237 - -6?
242
In base 4, what is -302 - 322?
-1230
In base 7, what is -442 + -23?
-465
In base 10, what is 72 - 19?
53
In base 15, what is d9 + -4?
d5
In base 3, what is -11212121 + -12?
-11212210
In base 10, what is -3 - 148?
-151
In base 8, what is 2 + -5?
-3
In base 7, what is -432 + -5?
-440
In base 13, what is 4 + c4?
c8
In base 15, what is -44 - -1?
-43
In base 11, what is 129a + -3?
1297
In base 13, what is 4 - -37?
3b
In base 9, what is 33 + 17?
51
In base 10, what is 1 + 61?
62
In base 7, what is 2 - -51?
53
In base 11, what is 13 - 1?
12
In base 2, what is -1 - 110011?
-110100
In base 13, what is -186 + b?
-178
In base 7, what is 11